
30
Calculate the highest common factor of 3122 and 14.
14
Calculate the greatest common factor of 11368 and 98.
98
What is the highest common divisor of 150 and 90?
30
What is the highest common divisor of 245 and 20?
5
Calculate the highest common factor of 630 and 30.
30
Calculate the highest common divisor of 57 and 2850.
57
What is the greatest common factor of 68 and 612?
68
What is the highest common divisor of 45 and 279?
9
What is the greatest common factor of 518 and 222?
74
What is the greatest common factor of 585 and 156?
39
Calculate the greatest common factor of 133 and 57.
19
Calculate the greatest common factor of 127 and 3175.
127
Calculate the greatest common factor of 46 and 1978.
46
What is the greatest common divisor of 390 and 12480?
390
What is the greatest common divisor of 19 and 361?
19
Calculate the highest common factor of 76 and 114.
38
Calculate the greatest common divisor of 39 and 312.
39
Calculate the highest common divisor of 2568 and 24.
24
Calculate the greatest common divisor of 138 and 2658.
6
Calculate the highest common divisor of 36 and 1116.
36
What is the greatest common factor of 648 and 840?
24
What is the highest common divisor of 384 and 120?
24
Calculate the greatest common divisor of 18 and 60.
6
Calculate the highest common divisor of 68 and 68.
68
What is the highest common factor of 256 and 8?
8
What is the greatest common factor of 216 and 100?
4
What is the greatest common factor of 13 and 43069?
13
Calculate the highest common divisor of 2783 and 121.
121
What is the highest common divisor of 1841 and 7?
7
Calculate the greatest common factor of 954 and 3498.
318
Calculate the greatest common divisor of 1176 and 408.
24
What is the highest common factor of 1793 and 22?
11
What is the highest common factor of 24797 and 362?
181
Calculate the highest common divisor of 1020 and 600.
60
Calculate the greatest common divisor of 3275 and 325.
25
Calculate the highest common factor of 34 and 9146.
34
What is the greatest common factor of 150 and 90?
30
What is the highest common factor of 3008 and 235?
47
Calculate the greatest common factor of 871 and 13.
13
What is the greatest common factor of 851 and 276?
23
What is the highest common divisor of 48 and 5120?
16
Calculate the highest common divisor of 228 and 9804.
228
Calculate the greatest common factor of 418 and 22.
22
Calculate the highest common factor of 294 and 735.
147
What is the highest common divisor of 15 and 9090?
15
What is the highest common factor of 23792 and 24?
8
Calculate the greatest common factor of 4736 and 64.
64
What is the highest common divisor of 160 and 1080?
40
What is the greatest common factor of 492 and 164?
164
Calculate the greatest common divisor of 94 and 11327.
47
What is the greatest common factor of 8244 and 36?
36
What is the greatest common factor of 28 and 84?
28
What is the greatest common factor of 180 and 1548?
36
Calculate the greatest common factor of 28 and 28.
28
Calculate the greatest common factor of 5000 and 125.
125
Calculate the highest common divisor of 18 and 16.
2
Calculate the highest common divisor of 24963 and 477.
159
Calculate the greatest common divisor of 68 and 136.
68
What is the highest common factor of 80 and 240?
80
Calculate the highest common factor of 94 and 235.
47
What is the greatest common factor of 34 and 799?
17
What is the highest common divisor of 351 and 99?
9
Calculate the highest common divisor of 195 and 12025.
65
What is the highest common divisor of 295 and 295?
295
Calculate the greatest common factor of 2544 and 8.
8
Calculate the highest common divisor of 97 and 35599.
97
What is the greatest common factor of 6 and 1338?
6
Calculate the greatest common divisor of 6027 and 63.
21
Calculate the greatest common divisor of 20 and 7675.
5
Calculate the highest common divisor of 198 and 1683.
99
What is the highest common divisor of 192 and 1392?
48
What is the highest common factor of 8 and 2872?
8
Calculate the greatest common factor of 23 and 391.
23
What is the greatest common factor of 15 and 12?
3
What is the highest common factor of 3993 and 242?
121
What is the greatest common factor of 1330 and 50?
10
What is the highest common factor of 2200 and 210?
10
What is the highest common divisor of 144 and 176?
16
What is the greatest common divisor of 11 and 1760?
11
Calculate the highest common factor of 5200 and 390.
130
Calculate the highest common divisor of 115 and 2208.
23
Calculate the highest common divisor of 837 and 324.
27
Calculate the greatest common divisor of 60 and 1110.
30
Calculate the greatest common divisor of 1890 and 225.
45
What is the highest common divisor of 40 and 56?
8
What is the greatest common divisor of 32 and 976?
16
Calculate the highest common factor of 35 and 645.
5
Calculate the highest common divisor of 19 and 18259.
19
Calculate the highest common factor of 153747 and 99.
99
Calculate the highest common factor of 913 and 2075.
83
Calculate the greatest common factor of 360 and 200.
40
Calculate the highest common factor of 376 and 235.
47
Calculate the greatest common divisor of 66 and 15906.
66
Calculate the highest common divisor of 1458 and 18.
18
Calculate the greatest common factor of 7 and 12187.
7
What is the highest common factor of 12 and 6?
6
What is the highest common factor of 64 and 16?
16
What is the greatest common divisor of 795 and 106?
53
Calculate the greatest common divisor of 196 and 2156.
196
Calculate the greatest common divisor of 2 and 31.
1
What is the highest common factor of 847 and 28?
7
What is the highest common divisor of 225 and 27?
9
Calculate the greatest common divisor of 200 and 3160.
40
Calculate the highest common factor of 135 and 3105.
135
Calculate the highest common divisor of 776 and 97.
97
Calculate the highest common divisor of 10944 and 152.
152
Calculate the greatest common divisor of 945 and 189.
189
What is the highest common divisor of 76 and 722?
38
What is the highest common factor of 693 and 1287?
99
Calculate the greatest common divisor of 65 and 403.
13
Calculate the greatest common factor of 325 and 208.
13
Calculate the highest common divisor of 672 and 960.
96
What is the greatest common factor of 2355 and 45?
15
What is the greatest common factor of 9 and 531?
9
What is the greatest common factor of 336 and 126?
42
Calculate the highest common factor of 276 and 1173.
69
Calculate the highest common divisor of 1380 and 1248.
12
What is the highest common divisor of 480 and 11640?
120
What is the greatest common divisor of 25894 and 363?
121
What is the highest common divisor of 29321 and 109?
109
What is the greatest common factor of 54 and 144?
18
What is the greatest common factor of 14 and 350?
14
Calculate the highest common divisor of 168 and 134736.
168
Calculate the highest common divisor of 140 and 20.
20
What is the greatest common divisor of 16 and 2608?
16
What is the greatest common divisor of 276 and 2622?
138
Calculate the highest common factor of 3204 and 36.
36
What is the highest common factor of 96 and 60?
12
What is the highest common divisor of 1265 and 575?
115
Calculate the greatest common factor of 1596 and 196.
28
What is the highest common factor of 203 and 7?
7
What is the greatest common divisor of 370 and 1258?
74
What is the highest common divisor of 3634 and 322?
46
What is the greatest common factor of 32 and 16?
16
Calculate the highest common divisor of 108 and 6.
6
What is the highest common factor of 28 and 28?
28
Calculate the greatest common divisor of 11 and 41217.
11
Calculate the highest common divisor of 28577 and 17.
17
Calculate the greatest common divisor of 30 and 885.
15
What is the highest common divisor of 176 and 440?
88
What is the greatest common divisor of 10 and 1930?
10
What is the greatest common divisor of 4 and 500?
4
What is the highest common factor of 17 and 19771?
17
What is the greatest common factor of 8322 and 228?
114
Calculate the highest common divisor of 588 and 1246.
14
What is the greatest common factor of 294 and 7?
7
What is the greatest common divisor of 35 and 20?
5
Calculate the greatest common factor of 405 and 5508.
81
What is the greatest common divisor of 534 and 30?
6
Calculat